{"id":670,"date":"2023-10-14T21:54:48","date_gmt":"2023-10-14T21:54:48","guid":{"rendered":"https:\/\/envasesfarmaceuticos.com\/?page_id=670"},"modified":"2024-04-23T09:49:18","modified_gmt":"2024-04-23T07:49:18","slug":"declaracion-de-accesibilidad","status":"publish","type":"page","link":"https:\/\/envasesfarmaceuticos.com\/es\/declaracion-de-accesibilidad\/","title":{"rendered":"Declaraci\u00f3n de accesibilidad"},"content":{"rendered":"<style>.elementor-670 .elementor-element.elementor-element-70f90fd > .elementor-container{max-width:1150px;}.elementor-670 .elementor-element.elementor-element-70f90fd:not(.elementor-motion-effects-element-type-background), .elementor-670 .elementor-element.elementor-element-70f90fd > .elementor-motion-effects-container > .elementor-motion-effects-layer{background-image:url(\"https:\/\/envasesfarmaceuticos.com\/wp-content\/uploads\/2023\/10\/6-scaled.jpg\");background-position:center center;background-repeat:no-repeat;background-size:cover;}.elementor-670 .elementor-element.elementor-element-70f90fd > .elementor-background-overlay{background-color:transparent;background-image:linear-gradient(340deg, #03419599 0%, #3EC3E1C4 90%);opacity:0.95;transition:background 0.3s, border-radius 0.3s, opacity 0.3s;}.elementor-670 .elementor-element.elementor-element-70f90fd{transition:background 0.3s, border 0.3s, border-radius 0.3s, box-shadow 0.3s;margin-top:-45px;margin-bottom:0px;padding:160px 0px 100px 0px;}.elementor-670 .elementor-element.elementor-element-59774f4{text-align:center;}.elementor-670 .elementor-element.elementor-element-59774f4 .elementor-heading-title{font-family:var( --e-global-typography-cc874f1-font-family ), Sans-serif;font-size:var( --e-global-typography-cc874f1-font-size );font-weight:var( --e-global-typography-cc874f1-font-weight );line-height:var( --e-global-typography-cc874f1-line-height );letter-spacing:var( --e-global-typography-cc874f1-letter-spacing );word-spacing:var( --e-global-typography-cc874f1-word-spacing );color:var( --e-global-color-3364412 );}.elementor-670 .elementor-element.elementor-element-da01682 > .elementor-container{max-width:1150px;}.elementor-670 .elementor-element.elementor-element-da01682 > .elementor-container > .elementor-column > .elementor-widget-wrap{align-content:center;align-items:center;}.elementor-670 .elementor-element.elementor-element-da01682{padding:100px 20px 100px 20px;}.elementor-670 .elementor-element.elementor-element-0e1c91f > .elementor-element-populated{margin:0px 30px 0px 0px;--e-column-margin-right:30px;--e-column-margin-left:0px;}.elementor-670 .elementor-element.elementor-element-0cfa47b{text-align:justify;font-family:var( --e-global-typography-text-font-family ), Sans-serif;font-size:var( --e-global-typography-text-font-size );font-weight:var( --e-global-typography-text-font-weight );color:var( --e-global-color-text );}@media(max-width:1024px) and (min-width:768px){.elementor-670 .elementor-element.elementor-element-0e1c91f{width:100%;}}@media(max-width:1024px){.elementor-670 .elementor-element.elementor-element-70f90fd{padding:150px 10px 100px 10px;}.elementor-670 .elementor-element.elementor-element-59774f4 .elementor-heading-title{font-size:var( --e-global-typography-cc874f1-font-size );line-height:var( --e-global-typography-cc874f1-line-height );letter-spacing:var( --e-global-typography-cc874f1-letter-spacing );word-spacing:var( --e-global-typography-cc874f1-word-spacing );}.elementor-670 .elementor-element.elementor-element-da01682{padding:50px 0px 0px 0px;}.elementor-670 .elementor-element.elementor-element-0e1c91f > .elementor-element-populated{margin:50px 10px 0px 10px;--e-column-margin-right:10px;--e-column-margin-left:10px;}.elementor-670 .elementor-element.elementor-element-0cfa47b{font-size:var( --e-global-typography-text-font-size );}}@media(max-width:767px){.elementor-670 .elementor-element.elementor-element-70f90fd{padding:80px 5px 40px 5px;}.elementor-670 .elementor-element.elementor-element-8c541bb{width:100%;}.elementor-670 .elementor-element.elementor-element-59774f4{text-align:center;}.elementor-670 .elementor-element.elementor-element-59774f4 .elementor-heading-title{font-size:var( --e-global-typography-cc874f1-font-size );line-height:var( --e-global-typography-cc874f1-line-height );letter-spacing:var( --e-global-typography-cc874f1-letter-spacing );word-spacing:var( --e-global-typography-cc874f1-word-spacing );}.elementor-670 .elementor-element.elementor-element-da01682{padding:50px 0px 0px 0px;}.elementor-670 .elementor-element.elementor-element-0e1c91f > .elementor-element-populated{margin:30px 5px 30px 5px;--e-column-margin-right:5px;--e-column-margin-left:5px;}.elementor-670 .elementor-element.elementor-element-0cfa47b{font-size:var( --e-global-typography-text-font-size );}}<\/style>\t\t<div data-elementor-type=\"wp-page\" data-elementor-id=\"670\" class=\"elementor elementor-670\" data-elementor-post-type=\"page\">\n\t\t\t\t\t\t<section class=\"elementor-section elementor-top-section elementor-element elementor-element-70f90fd elementor-section-boxed elementor-section-height-default elementor-section-height-default\" data-id=\"70f90fd\" data-element_type=\"section\" data-e-type=\"section\" data-settings=\"{&quot;background_background&quot;:&quot;classic&quot;}\">\n\t\t\t\t\t\t\t<div class=\"elementor-background-overlay\"><\/div>\n\t\t\t\t\t\t\t<div class=\"elementor-container elementor-column-gap-default\">\n\t\t\t\t\t<div class=\"elementor-column elementor-col-100 elementor-top-column elementor-element elementor-element-8c541bb\" data-id=\"8c541bb\" data-element_type=\"column\" data-e-type=\"column\">\n\t\t\t<div class=\"elementor-widget-wrap elementor-element-populated\">\n\t\t\t\t\t\t<div class=\"elementor-element elementor-element-59774f4 elementor-widget elementor-widget-heading\" data-id=\"59774f4\" data-element_type=\"widget\" data-e-type=\"widget\" data-widget_type=\"heading.default\">\n\t\t\t\t<div class=\"elementor-widget-container\">\n\t\t\t\t\t<h2 class=\"elementor-heading-title elementor-size-default\">Declaraci\u00f3n de accesibilidad<\/h2>\t\t\t\t<\/div>\n\t\t\t\t<\/div>\n\t\t\t\t\t<\/div>\n\t\t<\/div>\n\t\t\t\t\t<\/div>\n\t\t<\/section>\n\t\t\t\t<section class=\"elementor-section elementor-top-section elementor-element elementor-element-da01682 elementor-section-content-middle elementor-reverse-tablet elementor-reverse-mobile elementor-section-boxed elementor-section-height-default elementor-section-height-default\" data-id=\"da01682\" data-element_type=\"section\" data-e-type=\"section\">\n\t\t\t\t\t\t<div class=\"elementor-container elementor-column-gap-default\">\n\t\t\t\t\t<div class=\"elementor-column elementor-col-100 elementor-top-column elementor-element elementor-element-0e1c91f\" data-id=\"0e1c91f\" data-element_type=\"column\" data-e-type=\"column\">\n\t\t\t<div class=\"elementor-widget-wrap elementor-element-populated\">\n\t\t\t\t\t\t<div class=\"elementor-element elementor-element-0cfa47b elementor-widget elementor-widget-text-editor\" data-id=\"0cfa47b\" data-element_type=\"widget\" data-e-type=\"widget\" data-widget_type=\"text-editor.default\">\n\t\t\t\t<div class=\"elementor-widget-container\">\n\t\t\t\t\t\t\t\t\t<p>Efarma se ha comprometido a hacer accesible su sitio web, conforme al Real Decreto 1112\/2018, de 7 de septiembre, sobre accesibilidad de los sitios web y aplicaciones para dispositivos m\u00f3viles del sector p\u00fablico.<\/p><p>La presente declaraci\u00f3n de accesibilidad se aplica al sitio web <a href=\"https:\/\/envasesfarmaceuticos.com\/es\/\">https:\/\/www.envasesfarmaceuticos.com\/<\/a><\/p><p>Situaci\u00f3n de cumplimiento<\/p><p>Este sitio web se encuentra desarrollado conforme al RD 1112\/2018<\/p><p>Preparaci\u00f3n para la siguiente declaraci\u00f3n de accesibilidad<\/p><p>La presente declaraci\u00f3n fue preparada el 2 de enero de 2023<\/p><p>El m\u00e9todo empleado para preparar la declaraci\u00f3n ha sido una autoevaluaci\u00f3n.<\/p><p>Observaciones y datos de contacto<\/p><p>Puede realizar comunicaciones sobre requisitos de accesibilidad (art\u00edculo 10.2.a del RD 1112\/2018) como, por ejemplo:<\/p><p>Informar sobre cualquier posible incumplimiento por parte de este sitio web<br \/>Transmitir otras dificultades de acceso al contenido<br \/>Formular cualquier otra consulta o sugerencia de mejora relativa a la accesibilidad del sitio web<\/p><p>a trav\u00e9s del formulario de contacto de este sitio web oa trav\u00e9s del n\u00famero de tel\u00e9fono (+34) 676 26 37 30\u00a0<\/p><p>Puede presentar:<\/p><p>Queja relativa al cumplimiento de los requisitos del RD 1112\/2018 o<br \/>Solicitud de informaci\u00f3n accesible relativa a:<br \/>Contenidos que est\u00e1n excluidos del \u00e1mbito de aplicaci\u00f3n del RD 1112\/2018 seg\u00fan lo que establece el art\u00edculo 3, apartado 4<br \/>Contenidos que est\u00e1n exentos del cumplimiento de los requisitos de accesibilidad para imponer una carga desproporcionada<\/p><p>En la Solicitud de informaci\u00f3n accesible, debe concretarse, con toda claridad, los hechos, razones y petici\u00f3n que permitan constatar que se trata de una solicitud razonable y leg\u00edtima.<\/p><p>Las quejas y reclamaciones sobre informaci\u00f3n accesible se realizar\u00e1n a trav\u00e9s de la sede electr\u00f3nica (https:\/\/sede.red.gob.es\/procedimientos\/quejas-y-sugerencias), y ser\u00e1n recibidas y tratadas por el \u00e1rea de Sistemas de la Informaci\u00f3n de Red.es.<\/p><p>Contenido opcional<\/p><p>Si desea cambiar el tama\u00f1o de letra del texto en los principales navegadores gr\u00e1ficos utilice los siguientes men\u00fas:<\/p><p>Internet Explorer, Mozilla y Firefox: Ver &gt; Tama\u00f1o del texto<br \/>Opera: Ver &gt; Zoom<br \/>Safari: Ver &gt; Hacer el texto m\u00e1s grande<br \/>Chrome: Controla la p\u00e1gina actual &gt; Tama\u00f1o del texto<br \/>Para modificar el tama\u00f1o de todo en la p\u00e1gina:<br \/>Ctrl + + para aumentarlo<br \/>Ctrl + \u2013 para disminuirlo<br \/>Ctrl+0 restaura el tama\u00f1o original del texto<br \/>Si lo que quiere es anular la hoja de estilos o modificar el color del texto, puede consultar la p\u00e1gina How to Change Text Size or Colores de la WAI, que se puede leer traducida al espa\u00f1ol en C\u00f3mo cambiar el tama\u00f1o del texto o colores?<\/p>\t\t\t\t\t\t\t\t<\/div>\n\t\t\t\t<\/div>\n\t\t\t\t\t<\/div>\n\t\t<\/div>\n\t\t\t\t\t<\/div>\n\t\t<\/section>\n\t\t\t\t<\/div>","protected":false},"excerpt":{"rendered":"<p>Declaraci\u00f3n de accesibilidad Efarma se ha comprometido a hacer accesible su sitio web, de conformidad con el Real decreto 1112\/2018, de 7 de septiembre, sobre accesibilidad de los sitios web y aplicaciones para dispositivos m\u00f3viles del sector p\u00fablico. La presente declaraci\u00f3n de accesibilidad se aplica al sitio web https:\/\/www.envasesfarmaceuticos.com\/ Situaci\u00f3n de cumplimiento Este sitio web se encuentra desarrollado\u2026&nbsp;<a href=\"https:\/\/envasesfarmaceuticos.com\/es\/declaracion-de-accesibilidad\/\" rel=\"bookmark\"><span class=\"screen-reader-text\">Declaraci\u00f3n de accesibilidad<\/span><\/a><\/p>","protected":false},"author":1,"featured_media":0,"parent":0,"menu_order":21,"comment_status":"closed","ping_status":"closed","template":"page-templates\/template-pagebuilder-full-width.php","meta":{"om_disable_all_campaigns":false,"_monsterinsights_skip_tracking":false,"_monsterinsights_sitenote_active":false,"_monsterinsights_sitenote_note":"","_monsterinsights_sitenote_category":0,"_uf_show_specific_survey":0,"_uf_disable_surveys":false,"neve_meta_sidebar":"","neve_meta_container":"","neve_meta_enable_content_width":"off","neve_meta_content_width":100,"neve_meta_title_alignment":"","neve_meta_author_avatar":"","neve_post_elements_order":"","neve_meta_disable_header":"","neve_meta_disable_footer":"","neve_meta_disable_title":"","footnotes":""},"class_list":["post-670","page","type-page","status-publish","hentry"],"acf":[],"aioseo_notices":[],"_links":{"self":[{"href":"https:\/\/envasesfarmaceuticos.com\/es\/wp-json\/wp\/v2\/pages\/670","targetHints":{"allow":["GET"]}}],"collection":[{"href":"https:\/\/envasesfarmaceuticos.com\/es\/wp-json\/wp\/v2\/pages"}],"about":[{"href":"https:\/\/envasesfarmaceuticos.com\/es\/wp-json\/wp\/v2\/types\/page"}],"author":[{"embeddable":true,"href":"https:\/\/envasesfarmaceuticos.com\/es\/wp-json\/wp\/v2\/users\/1"}],"replies":[{"embeddable":true,"href":"https:\/\/envasesfarmaceuticos.com\/es\/wp-json\/wp\/v2\/comments?post=670"}],"version-history":[{"count":17,"href":"https:\/\/envasesfarmaceuticos.com\/es\/wp-json\/wp\/v2\/pages\/670\/revisions"}],"predecessor-version":[{"id":2601,"href":"https:\/\/envasesfarmaceuticos.com\/es\/wp-json\/wp\/v2\/pages\/670\/revisions\/2601"}],"wp:attachment":[{"href":"https:\/\/envasesfarmaceuticos.com\/es\/wp-json\/wp\/v2\/media?parent=670"}],"curies":[{"name":"wp","href":"https:\/\/api.w.org\/{rel}","templated":true}]}}

Declaración de accesibilidad

<style>.elementor-670 .elementor-element.elementor-element-70f90fd > .elementor-container{max-width:1150px;}.elementor-670 .elementor-element.elementor-element-70f90fd:not(.elementor-motion-effects-element-type-background), .elementor-670 .elementor-element.elementor-element-70f90fd > .elementor-motion-effects-container > .elementor-motion-effects-layer{background-image:url("https://envasesfarmaceuticos.com/wp-content/uploads/2023/10/6-scaled.jpg");background-position:center center;background-repeat:no-repeat;background-size:cover;}.elementor-670 .elementor-element.elementor-element-70f90fd > .elementor-background-overlay{background-color:transparent;background-image:linear-gradient(340deg, #03419599 0%, #3EC3E1C4 90%);opacity:0.95;transition:background 0.3s, border-radius 0.3s, opacity 0.3s;}.elementor-670 .elementor-element.elementor-element-70f90fd{transition:background 0.3s, border 0.3s, border-radius 0.3s, box-shadow 0.3s;margin-top:-45px;margin-bottom:0px;padding:160px 0px 100px 0px;}.elementor-670 .elementor-element.elementor-element-59774f4{text-align:center;}.elementor-670 .elementor-element.elementor-element-59774f4 .elementor-heading-title{font-family:var( --e-global-typography-cc874f1-font-family ), Sans-serif;font-size:var( --e-global-typography-cc874f1-font-size );font-weight:var( --e-global-typography-cc874f1-font-weight );line-height:var( --e-global-typography-cc874f1-line-height );letter-spacing:var( --e-global-typography-cc874f1-letter-spacing );word-spacing:var( --e-global-typography-cc874f1-word-spacing );color:var( --e-global-color-3364412 );}.elementor-670 .elementor-element.elementor-element-da01682 > .elementor-container{max-width:1150px;}.elementor-670 .elementor-element.elementor-element-da01682 > .elementor-container > .elementor-column > .elementor-widget-wrap{align-content:center;align-items:center;}.elementor-670 .elementor-element.elementor-element-da01682{padding:100px 20px 100px 20px;}.elementor-670 .elementor-element.elementor-element-0e1c91f > .elementor-element-populated{margin:0px 30px 0px 0px;--e-column-margin-right:30px;--e-column-margin-left:0px;}.elementor-670 .elementor-element.elementor-element-0cfa47b{text-align:justify;font-family:var( --e-global-typography-text-font-family ), Sans-serif;font-size:var( --e-global-typography-text-font-size );font-weight:var( --e-global-typography-text-font-weight );color:var( --e-global-color-text );}@media(max-width:1024px) and (min-width:768px){.elementor-670 .elementor-element.elementor-element-0e1c91f{width:100%;}}@media(max-width:1024px){.elementor-670 .elementor-element.elementor-element-70f90fd{padding:150px 10px 100px 10px;}.elementor-670 .elementor-element.elementor-element-59774f4 .elementor-heading-title{font-size:var( --e-global-typography-cc874f1-font-size );line-height:var( --e-global-typography-cc874f1-line-height );letter-spacing:var( --e-global-typography-cc874f1-letter-spacing );word-spacing:var( --e-global-typography-cc874f1-word-spacing );}.elementor-670 .elementor-element.elementor-element-da01682{padding:50px 0px 0px 0px;}.elementor-670 .elementor-element.elementor-element-0e1c91f > .elementor-element-populated{margin:50px 10px 0px 10px;--e-column-margin-right:10px;--e-column-margin-left:10px;}.elementor-670 .elementor-element.elementor-element-0cfa47b{font-size:var( --e-global-typography-text-font-size );}}@media(max-width:767px){.elementor-670 .elementor-element.elementor-element-70f90fd{padding:80px 5px 40px 5px;}.elementor-670 .elementor-element.elementor-element-8c541bb{width:100%;}.elementor-670 .elementor-element.elementor-element-59774f4{text-align:center;}.elementor-670 .elementor-element.elementor-element-59774f4 .elementor-heading-title{font-size:var( --e-global-typography-cc874f1-font-size );line-height:var( --e-global-typography-cc874f1-line-height );letter-spacing:var( --e-global-typography-cc874f1-letter-spacing );word-spacing:var( --e-global-typography-cc874f1-word-spacing );}.elementor-670 .elementor-element.elementor-element-da01682{padding:50px 0px 0px 0px;}.elementor-670 .elementor-element.elementor-element-0e1c91f > .elementor-element-populated{margin:30px 5px 30px 5px;--e-column-margin-right:5px;--e-column-margin-left:5px;}.elementor-670 .elementor-element.elementor-element-0cfa47b{font-size:var( --e-global-typography-text-font-size );}}</style>		<div data-elementor-type="wp-page" data-elementor-id="670" class="elementor elementor-670" data-elementor-post-type="page">
						<section class="elementor-section elementor-top-section elementor-element elementor-element-70f90fd elementor-section-boxed elementor-section-height-default elementor-section-height-default" data-id="70f90fd" data-element_type="section" data-e-type="section" data-settings="{&quot;background_background&quot;:&quot;classic&quot;}">
							<div class="elementor-background-overlay"></div>
							<div class="elementor-container elementor-column-gap-default">
					<div class="elementor-column elementor-col-100 elementor-top-column elementor-element elementor-element-8c541bb" data-id="8c541bb" data-element_type="column" data-e-type="column">
			<div class="elementor-widget-wrap elementor-element-populated">
						<div class="elementor-element elementor-element-59774f4 elementor-widget elementor-widget-heading" data-id="59774f4" data-element_type="widget" data-e-type="widget" data-widget_type="heading.default">
				<div class="elementor-widget-container">
					<h2 class="elementor-heading-title elementor-size-default">Declaración de accesibilidad</h2>				</div>
				</div>
					</div>
		</div>
					</div>
		</section>
				<section class="elementor-section elementor-top-section elementor-element elementor-element-da01682 elementor-section-content-middle elementor-reverse-tablet elementor-reverse-mobile elementor-section-boxed elementor-section-height-default elementor-section-height-default" data-id="da01682" data-element_type="section" data-e-type="section">
						<div class="elementor-container elementor-column-gap-default">
					<div class="elementor-column elementor-col-100 elementor-top-column elementor-element elementor-element-0e1c91f" data-id="0e1c91f" data-element_type="column" data-e-type="column">
			<div class="elementor-widget-wrap elementor-element-populated">
						<div class="elementor-element elementor-element-0cfa47b elementor-widget elementor-widget-text-editor" data-id="0cfa47b" data-element_type="widget" data-e-type="widget" data-widget_type="text-editor.default">
				<div class="elementor-widget-container">
									<p>Efarma se ha comprometido a hacer accesible su sitio web, conforme al Real Decreto 1112/2018, de 7 de septiembre, sobre accesibilidad de los sitios web y aplicaciones para dispositivos móviles del sector público.</p><p>La presente declaración de accesibilidad se aplica al sitio web <a href="https://envasesfarmaceuticos.com/es/">https://www.envasesfarmaceuticos.com/</a></p><p>Situación de cumplimiento</p><p>Este sitio web se encuentra desarrollado conforme al RD 1112/2018</p><p>Preparación para la siguiente declaración de accesibilidad</p><p>La presente declaración fue preparada el 2 de enero de 2023</p><p>El método empleado para preparar la declaración ha sido una autoevaluación.</p><p>Observaciones y datos de contacto</p><p>Puede realizar comunicaciones sobre requisitos de accesibilidad (artículo 10.2.a del RD 1112/2018) como, por ejemplo:</p><p>Informar sobre cualquier posible incumplimiento por parte de este sitio web<br />Transmitir otras dificultades de acceso al contenido<br />Formular cualquier otra consulta o sugerencia de mejora relativa a la accesibilidad del sitio web</p><p>a través del formulario de contacto de este sitio web oa través del número de teléfono (+34) 676 26 37 30 </p><p>Puede presentar:</p><p>Queja relativa al cumplimiento de los requisitos del RD 1112/2018 o<br />Solicitud de información accesible relativa a:<br />Contenidos que están excluidos del ámbito de aplicación del RD 1112/2018 según lo que establece el artículo 3, apartado 4<br />Contenidos que están exentos del cumplimiento de los requisitos de accesibilidad para imponer una carga desproporcionada</p><p>En la Solicitud de información accesible, debe concretarse, con toda claridad, los hechos, razones y petición que permitan constatar que se trata de una solicitud razonable y legítima.</p><p>Las quejas y reclamaciones sobre información accesible se realizarán a través de la sede electrónica (https://sede.red.gob.es/procedimientos/quejas-y-sugerencias), y serán recibidas y tratadas por el área de Sistemas de la Información de Red.es.</p><p>Contenido opcional</p><p>Si desea cambiar el tamaño de letra del texto en los principales navegadores gráficos utilice los siguientes menús:</p><p>Internet Explorer, Mozilla y Firefox: Ver &gt; Tamaño del texto<br />Opera: Ver &gt; Zoom<br />Safari: Ver &gt; Hacer el texto más grande<br />Chrome: Controla la página actual &gt; Tamaño del texto<br />Para modificar el tamaño de todo en la página:<br />Ctrl + + para aumentarlo<br />Ctrl + – para disminuirlo<br />Ctrl+0 restaura el tamaño original del texto<br />Si lo que quiere es anular la hoja de estilos o modificar el color del texto, puede consultar la página How to Change Text Size or Colores de la WAI, que se puede leer traducida al español en Cómo cambiar el tamaño del texto o colores?</p>								</div>
				</div>
					</div>
		</div>
					</div>
		</section>
				</div>

<p>Declaración de accesibilidad Efarma se ha comprometido a hacer accesible su sitio web, de conformidad con el Real decreto 1112/2018, de 7 de septiembre, sobre accesibilidad de los sitios web y aplicaciones para dispositivos móviles del sector público. La presente declaración de accesibilidad se aplica al sitio web https://www.envasesfarmaceuticos.com/ Situación de cumplimiento Este sitio web se encuentra desarrollado…&nbsp;<a href="https://envasesfarmaceuticos.com/es/declaracion-de-accesibilidad/" rel="bookmark"><span class="screen-reader-text">Declaración de accesibilidad</span></a></p>
